881 is divided by 11216.
1585
Calculate the remainder when 2961218 is divided by 37.
34
What is the remainder when 6417641 is divided by 958?
957
What is the remainder when 112691 is divided by 7512?
11
What is the remainder when 260178 is divided by 65023?
86
Calculate the remainder when 9887394 is divided by 219.
201
What is the remainder when 42729 is divided by 218?
1
What is the remainder when 322584 is divided by 161274?
36
What is the remainder when 4413805 is divided by 47?
35
Calculate the remainder when 89946555 is divided by 7744.
7739
What is the remainder when 4967564 is divided by 2558?
2486
What is the remainder when 14638276 is divided by 4?
0
What is the remainder when 22626 is divided by 10479?
1668
Calculate the remainder when 62842 is divided by 983.
913
Calculate the remainder when 464471 is divided by 202.
73
Calculate the remainder when 416086 is divided by 2091.
2068
Calculate the remainder when 5742793 is divided by 60.
13
Calculate the remainder when 20180 is divided by 3862.
870
Calculate the remainder when 41822775 is divided by 13940923.
6
What is the remainder when 25383898 is divided by 300?
298
Calculate the remainder when 438678 is divided by 1718.
588
What is the remainder when 59529550 is divided by 323?
4
What is the remainder when 6812438 is divided by 63?
59
Calculate the remainder when 10111720 is divided by 303.
4
What is the remainder when 1511705 is divided by 755819?
67
What is the remainder when 73299974 is divided by 25?
24
Calculate the remainder when 235889 is divided by 682.
599
What is the remainder when 8283732 is divided by 39?
15
What is the remainder when 29208948 is divided by 22?
10
Calculate the remainder when 748776 is divided by 34.
28
What is the remainder when 170150482 is divided by 77482?
10
What is the remainder when 191122 is divided by 15885?
502
Calculate the remainder when 157113 is divided by 6.
3
Calculate the remainder when 79752499 is divided by 25.
24
Calculate the remainder when 126465336 is divided by 14.
4
What is the remainder when 4132357 is divided by 59?
56
Calculate the remainder when 737854 is divided by 61.
59
Calculate the remainder when 588445 is divided by 745.
640
Calculate the remainder when 287798 is divided by 615.
593
What is the remainder when 16487650 is divided by 16?
2
Calculate the remainder when 3081995 is divided by 460.
455
What is the remainder when 338114 is divided by 577?
569
Calculate the remainder when 109340 is divided by 2012.
692
Calculate the remainder when 388905 is divided by 18511.
174
What is the remainder when 63710407 is divided by 278?
35
What is the remainder when 182400 is divided by 20243?
213
What is the remainder when 2799260 is divided by 933024?
188
What is the remainder when 3970274 is divided by 176?
66
Calculate the remainder when 51939837 is divided by 139.
124
Calculate the remainder when 190932 is divided by 11741.
3076
Calculate the remainder when 189316347 is divided by 1723.
1722
What is the remainder when 13289234 is divided by 6242?
16
Calculate the remainder when 2273821 is divided by 1972.
105
Calculate the remainder when 66429742 is divided by 24.
22
What is the remainder when 726143 is divided by 12?
11
What is the remainder when 12190858 is divided by 6095348?
162
Calculate the remainder when 949495 is divided by 949488.
7
Calculate the remainder when 75565551 is divided by 10795077.
12
Calculate the remainder when 112721 is divided by 388.
201
What is the remainder when 67470 is divided by 1347?
120
Calculate the remainder when 107192 is divided by 116.
8
Calculate the remainder when 21446 is divided by 4711.
2602
What is the remainder when 1453394517 is divided by 46?
45
What is the remainder when 172332 is divided by 3917?
3901
Calculate the remainder when 2211002 is divided by 532.
10
What is the remainder when 9265 is divided by 1802?
255
Calculate the remainder when 7031254 is divided by 962.
958
What is the remainder when 2987128 is divided by 2743?
1
What is the remainder when 52274 is divided by 51631?
643
What is the remainder when 81422654 is divided by 272?
270
Calculate the remainder when 42388844 is divided by 1949.
43
Calculate the remainder when 315071 is divided by 112.
15
Calculate the remainder when 61119 is divided by 410.
29
Calculate the remainder when 26694889 is divided by 6914.
6849
Calculate the remainder when 272368 is divided by 1791.
136
What is the remainder when 679135 is divided by 1533?
16
Calculate the remainder when 2478758 is divided by 1646.
1528
Calculate the remainder when 14225 is divided by 307.
103
What is the remainder when 8206850 is divided by 241377?
32
Calculate the remainder when 6767315 is divided by 384.
83
What is the remainder when 909650 is divided by 24585?
5
Calculate the remainder when 2336348 is divided by 50.
48
What is the remainder when 47469 is divided by 37?
35
Calculate the remainder when 9114044 is divided by 83.
63
What is the remainder when 587631 is divided by 293663?
305
What is the remainder when 349748430 is divided by 517?
515
What is the remainder when 14148 is divided by 454?
74
Calculate the remainder when 22300754 is divided by 193.
183
What is the remainder when 337035 is divided by 58?
55
What is the remainder when 1609 is divided by 106?
19
What is the remainder when 297905 is divided by 162?
149
What is the remainder when 1192312 is divided by 563?
441
What is the remainder when 12164765 is divided by 4054837?
254
What is the remainder when 159942 is divided by 22782?
468
Calculate the remainder when 101514796 is divided by 20302957.
11
What is the remainder when 2624476 is divided by 80?
76
Calculate the remainder when 3481632 is divided by 65684.
380
Calculate the remainder when 1657777 is divided by 1146.
661
What is the remainder when 859720 is divided by 18?
4
What is the remainder when 989077 is divided by 2583?
2371
Calculate the remainder when 414085 is divided by 1005.
25
What is the remainder when 55737 is divided by 172?
9
Calculate the remainder when 2662137 is divided by 5378.
27
What is the remainder when 284227 is divided by 510?
157
What is the remainder when 10726037 is divided by 2430?
17
Calculate the remainder when 149764563 is divided by 37441138.
11
What is the remainder when 103663779 is divided by 35?
9
Calculate the remainder when 22609479 is divided by 1306.
7
What is the remainder when 5262691 is divided by 74?
33
What is the remainder when 2666929 is divided by 5?
4
What is the remainder when 307422 is divided by 360?
342
Calculate the remainder when 8069245 is divided by 968.
965
Calculate the remainder when 280654 is divided by 16.
14
What is the remainder when 31462948 is divided by 13?
10
What is the remainder when 192609297 is divided by 2535?
2532
Calculate the remainder when 17528 is divided by 436.
88
What is the remainder when 12291 is divided by 3011?
247
What is the remainder when 4546225 is divided by 72?
1
What is the remainder when 723502 is divided by 144693?
37
What is the remainder when 21899225 is divided by 4?
1
What is the remainder when 9840370 is divided by 400?
370
What is the remainder when 51774326 is divided by 52?
6
What is the remainder when 15667402 is divided by 1130?
1082
What is the remainder when 963434960 is divided by 98?
96
What is the remainder when 12964880 is divided by 2?
0
What is the remainder when 335722 is divided by 114?
106
Calculate the remainder when 5955839 is divided by 20.
19
What is the remainder when 138880 is divided by 19834?
42
What is the remainder when 315374 is divided by 19339?
5950
What is the remainder when 13512972 is divided by 320?
12
Calculate the remainder when 4464386 is divided by 4264.
4242
What is the remainder when 15810850 is divided by 2225?
0
What is the remainder when 69631 is divided by 9?
7
What is the remainder when 17610381 is divided by 607253?
44
What is the remainder when 26065 is divided by 23578?
2487
What is the remainder when 3385573 is divided by 94?
69
Calculate the remainder when 2134400 is divided by 28.
16
Calculate the remainder when 867934 is divided by 190.
14
What is the remainder when 7624 is divided by 6635?
989
What is the remainder when 5353170 is divided by 232746?
12
Calculate the remainder when 42